v = -3*q + 6, -2*v - 2*v = q + 37. Let m = -1 - v. Suppose -w = 1 - m. List the prime factors of w.
7
Let s be (-1)/(4/3)*-4. Let w = 16 - s. List the prime factors of w.
13
Let a be 6/(27/(-10) + 3). Suppose 0 = 8*s - 3*s - a. List the prime factors of s.
2
Let y = -2 + 6. Suppose y*b - 21 = b. What are the prime factors of b?
7
Suppose 0 = i - 4*i + 69. List the prime factors of i.
23
Let f be (-1)/2*(2 - -1098). What are the prime factors of (-2)/(-5)*f/(-11)?
2, 5
Let w(f) = -16*f + 47. What are the prime factors of w(-7)?
3, 53
Suppose -5*m = -t + 19, 4*m + 9 = m. Let d(q) = -2*q + 8. Let s be d(5). Let n = t + s. What are the prime factors of n?
2
Suppose -2*q = -l + 2, l - 5*q = -2*l + 6. What are the prime factors of (-15)/6*-3*l?
3, 5
Let u be 8/(-20) - 18/5. Let p be (-9)/(-12)*(0 + u). Let v(o) = -3*o + 1. What are the prime factors of v(p)?
2, 5
Suppose 0 = -3*n - 4*b + 32 + 209, -3*n + 3*b = -276. What are the prime factors of n?
3, 29
Suppose -2*o + 393 = 3*y, 2*o - 6*o = -y - 751. Suppose -5*t + o = -41. What are the prime factors of t?
2, 23
Suppose 4*x = -0*p + p + 8, 0 = 2*p + x - 11. Suppose -3*b + p = c - 8, -b + 60 = 3*c. List the prime factors of c.
3, 7
Suppose 2*c - 4*c + 3*l = -54, 2*c + 2*l = 54. List the prime factors of c.
3
Suppose p = -3*w + 616, 2*p - 1 = p. List the prime factors of w.
5, 41
Let y be (18/(-6))/((-1)/1). Suppose -2*d + d = -3*o + 82, y*o + d - 74 = 0. List the prime factors of o.
2, 13
Suppose -r = 3*n - 22, -2*r - 3*r + 4*n + 148 = 0. Suppose -r = -5*z + z. List the prime factors of z.
7
Let f = 35 + -13. What are the prime factors of f?
2, 11
What are the prime factors of (-26)/(-117) - 646/(-9)?
2, 3
Suppose 0 = -4*c - 3*s - 11, -2*c - 5*s = 3*c + 20. List the prime factors of -1 - (-1 + -43) - c.
2, 3, 7
What are the prime factors of 342/4 + ((-18)/(-4))/9?
2, 43
Suppose 5 + 6 = -q. Let c(b) = b**3 + 11*b**2 - 2*b + 1. List the prime factors of c(q).
23
Let o(m) = m**3 - 10*m**2 + 8*m + 16. Let t be o(9). Suppose -t*s + s + 222 = 0. What are the prime factors of s?
37
Let f = 5 - 5. Suppose j - 4 = -f. Suppose -j*v = -2*v - 10. What are the prime factors of v?
5
Let y = 124 - 66. Suppose -2*m + y = -0*m. What are the prime factors of m?
29
Let y(g) = 17*g**2 - g. Let j = -4 + 4. Suppose -3*w = -3*k + 9, 4*k + j*w - 8 = 2*w. What are the prime factors of y(k)?
2
Let o = 35 + -12. List the prime factors of o.
23
Let j = 13 + 19. Suppose -x + 3*x = -j. What are the prime factors of (9/3)/(-3)*x?
2
Suppose 29 = 5*b + 3*y, 0*b + 2*b - 11 = -y. Let o(q) be the second derivative of q**4/12 - q**3/2 + 2*q**2 + 2*q. What are the prime factors of o(b)?
2
Let s(b) = -b**3 + 6*b**2 - 5*b + 2. Suppose d = 37 - 4. Suppose -5*i + d = 8. What are the prime factors of s(i)?
2
Suppose 3*z + 2*z + 10 = 5*i, -10 = -3*z - i. Suppose 2 = 4*l + 2*d, -5 = d - z. List the prime factors of l.
2
Let x be -1*(-2 + 0 - -7). Let n = x - -48. What are the prime factors of n?
43
List the prime factors of (-2)/10 - (-156)/30.
5
Suppose -5*b + 8 + 47 = 5*t, -4*b + 40 = 2*t. List the prime factors of b.
3
Suppose -5*h + 14 = f - 2, 0 = -3*f + 3*h + 30. Suppose -30 = -5*y + 2*s, 0 = y + 3*s + f. Let g = y + 2. What are the prime factors of g?
2, 3
Suppose -2*a - 8 = 34. Let w be 7/a - 85/(-3). Let i = -15 + w. List the prime factors of i.
13
Suppose 3*c - 2*c = 132. Suppose 5*x = 2*p + 66, 4*p - 3*x + c = -x. Let n = p - -46. List the prime factors of n.
13
Let w = -37 - -86. What are the prime factors of w?
7
Suppose 3*m = 4*j - 259, -m + 34 = 5*j - 304. Let z = j + -22. List the prime factors of z.
3, 5
Let s be 1/(-2) - (-6)/4. Let k be (-205)/(-25) - s/5. List the prime factors of (-3)/2 - (-116)/k.
13
Let x = -40 - -44. List the prime factors of x.
2
Let j(h) = h**3 - 8*h**2 + 7*h - 1. Let l be j(7). Let k = l - -8. List the prime factors of k.
7
Suppose -18 = 5*j - 4*t, -2*j - 2*t - 27 = 3*t. Let w be 2/j - (-2)/6. Suppose 2*s - 3*k - 3 = w, 0*s + 3*k - 15 = -s. What are the prime factors of s?
2, 3
Suppose 3*m = 2*l - 24, 5*m - 16 = m. List the prime factors of l.
2, 3
Let s be 1/((-16)/20 - -1). Suppose h - 5*c = -22, -4*c + 4 = -s*h - 1. What are the prime factors of h?
3
Suppose 5*x - 4 = 71. Suppose -m - 5*y - 50 = 0, 2*y + x = -y. Let p = -15 - m. List the prime factors of p.
2, 5
Let b(c) = -2*c - 2*c + 9*c - 4 + 9*c. List the prime factors of b(3).
2, 19
Let c(w) = -w - 3. Let l be c(-3). Suppose l = q - 2*q - 5*f + 6, 0 = 2*f + 4. What are the prime factors of q?
2
Let q(d) be the third derivative of d**6/45 + d**5/120 + d**3/3 + d**2. Let l(y) be the first derivative of q(y). List the prime factors of l(1).
3
Let g = 46 + 102. What are the prime factors of g?
2, 37
Let v(k) = k**3 + 5*k**2 + 4*k + 4. Suppose -2*u - 4*c = -4, -5*u - 15 = -2*u - c. Let r be v(u). Let b = 20 - r. What are the prime factors of b?
2
What are the prime factors of (163/2)/((-2)/(-4))?
163
Let y(x) = -15*x + 21. Let p(v) = -7*v + 11. Let w(s) = -9*p(s) + 4*y(s). What are the prime factors of w(11)?
2, 3
Let j(r) = -r**2 + 35*r + 107. List the prime factors of j(24).
7, 53
Let a be (-4)/16 + 21/4. Suppose -25 = -a*i - 0*i. Let u = i - -4. What are the prime factors of u?
3
Let i = -23 + 34. Let m = i + -9. Let w = m + 6. What are the prime factors of w?
2
Suppose -22 = -3*n + 23. Suppose -4*o + 4*g + n = -g, -3*o - 4*g = 12. Suppose -3*z + 2 = -2*c - 0, -2*c - 3*z + 10 = o. What are the prime factors of c?
2
Let d = 496 + -322. What are the prime factors of d?
2, 3, 29
Let p = 6 - 6. Suppose p*l = -l + 7. Suppose 5*i = l*i - 44. What are the prime factors of i?
2, 11
Let v = -31 - 3. Let f = 49 + v. List the prime factors of f.
3, 5
Let s(f) = 2*f**2 + 12*f + 21. What are the prime factors of s(-10)?
101
Let q = -225 + 404. What are the prime factors of q?
179
Let m(o) = -o + 1. Let b be m(-7). List the prime factors of 1/((-14)/b - -2).
2
Suppose 3*t - 3*d = -0*d - 30, 4*t + 5 = -3*d. Let u(v) = -v**2 - 5*v + 2. List the prime factors of u(t).
2
Let n(f) = f**3 - 7*f**2 + 6*f + 2. Let t be n(6). Suppose c - 3*b = -8*b + 29, -t*b - 64 = -5*c. List the prime factors of c.
2, 7
Suppose w - 168 = -5*s, 6*s - w - 138 = 2*s. What are the prime factors of s?
2, 17
Suppose 0 = q - 6*q + 420. What are the prime factors of q?
2, 3, 7
Suppose 4*u - o - 304 = 0, -o = -5*u + 4*o + 380. List the prime factors of u.
2, 19
Suppose 4*a - 84 - 80 = 0. What are the prime factors of a?
41
Suppose 42 = 9*z - 2*z. List the prime factors of z.
2, 3
List the prime factors of (-4)/22 + 420/11.
2, 19
Suppose 6*z - 432 = 354. List the prime factors of z.
131
Let b = 85 - 43. What are the prime factors of b?
2, 3, 7
Suppose 2*a = -3*g + 219, -2*g + a = 2*g - 281. What are the prime factors of g?
71
List the prime factors of 231/6 - (-3)/2.
2, 5
Suppose -273 - 2324 = -7*x. What are the prime factors of x?
7, 53
Suppose 0 = -2*z - 0*z + 74. List the prime factors of z.
37
Let x(a) = 9*a - 13. What are the prime factors of x(18)?
149
Let f = 0 + 0. List the prime factors of (1 - -10) + f + -1.
2, 5
Let w(r) = -2*r - 4. Let y(u) = -1 - 5*u - 2*u + 4*u**2 - 3*u**2 + 4. Let q be y(6). What are the prime factors of w(q)?
2
What are the prime factors of 441/(-6)*2/(-3)?
7
Let o be 2 - 0 - (5 - 11). Let x = o + -1. List the prime factors of x.
7
What are the prime factors of (-532)/(-20) - (-4)/10?
3
Let k(c) = -5*c + 2. Let n be k(-2). Let a be n/18 + 29/(-3). Let t(d) = -2*d - 12. What are the prime factors of t(a)?
2, 3
Suppose 2*r + 10 = 7*r. Suppose -r*o + 0*o + 40 = -2*t, -2*o = -3*t - 41. Suppose -41 = -5*k + o. List the prime factors of k.
2, 3
Let d(u) = 4*u**2 + 4 - 3*u**2 - u + 5*u + 3. List the prime factors of d(-5).
2, 3
Let h be 2*1 - (-2)/(-1). Let w(b) = -5*b + 19. Let v(q) = -3*q + 10. Let x(o) = -7*v(o) + 4*w(o). What are the prime factors of x(h)?
2, 3
Let x(i) = 3*i + 4. Suppose -5*h = -w - 15, -h + 16 = -2*h + 4*w. List the prime factors of x(h).
2
Suppose -2*t + 36 = -7*t + 4*b, 5*b - 24 = t. List the prime factors of t/(3 - 83/27).
2, 3
Suppose -33*a + 108 = -32*a. What are the prime factors of a?
2, 3
Let h(b) = -b**3 + 3*b - 1. Let g be h(2). List the prime factors of 1*g - (-1 + -13).
11
Let t = -35 - -81. What are the prime factors of t?
2,